, 139
List the prime factors of 4800/18 + 6 - (-2)/(-3).
2, 17
Let u = 10 + -19. Let i(x) = -x**3 - 8*x**2 + 7. List the prime factors of i(u).
2, 11
Let a be -2 - -3 - (-2 - 0). Suppose -5*j - 60 = -10*j. Suppose a*f - f = j. What are the prime factors of f?
2, 3
Let a(w) = -3*w + 2. Let u be a(-2). Suppose u = -4*l - 4*c, 0 = -4*l - 2*c + c + 4. What are the prime factors of (-364)/(-21)*3/l?
2, 13
Let y(g) = -115*g + 153. List the prime factors of y(-11).
2, 709
Let p = -150 + 150. Let y = 15 - 10. Suppose p = -5*i + 10 + y, 3*r + 3*i = 15. List the prime factors of r.
2
Let x be ((-28)/3)/(-7)*6. Let m be x*(3 + 28/(-8)). List the prime factors of 28 - (0 - m) - 4.
2, 5
Suppose -4*p = n - 0*p - 45, 163 = 3*n + 5*p. List the prime factors of n.
61
Let d = -24 - -20. Let u(s) = -s**2 - 2*s - 6. Let h be u(d). Let j = 9 - h. List the prime factors of j.
23
Let m be (28/(-6))/((-7)/(-168)). Let n = 206 + m. List the prime factors of n.
2, 47
Let p(a) = a**2 + 13*a + 39. List the prime factors of p(-13).
3, 13
Suppose 5*v + 5*f - 55 = 0, -3 = 2*f - 5. What are the prime factors of ((-36)/v)/((-257)/(-130) - 2)?
2, 3, 13
Let k(z) = z + 1. Let s be k(8). Suppose 5*m - s = 2*m. Suppose -3*x + m*d - 9 = 0, -2*d - 3*d = -4*x - 17. List the prime factors of x.
2
What are the prime factors of (0 - 32)*2/(4/(-35))?
2, 5, 7
Suppose 5*k + 3*c + 32 = -23, 3*k = 5*c + 1. Let x = 11 + k. Suppose 0*v = x*v - 54. What are the prime factors of v?
2, 3
Let f = -1 + -14. Let s be (1 - 6)*(-12)/f. What are the prime factors of (6/4 - 2)*s?
2
Suppose 4*v + 84 = -12. Let q = v - -57. List the prime factors of q.
3, 11
Suppose 48*s - 54670 = -7*s. List the prime factors of s.
2, 7, 71
What are the prime factors of 35 + 861 + -2 + 7?
17, 53
Let l = 6 - 105. Let z = 25 + l. List the prime factors of (-3)/(-2 + (-142)/z).
37
Suppose 6*u + 18 = 9*u. Suppose y - 89 = u*o - o, 2*o = y - 92. List the prime factors of y.
2, 47
Let r(h) = -5*h**2 + 9*h. Let w(f) = -2*f**2 + 3*f. Let a(q) = 3*r(q) - 8*w(q). Let t be -7*(12/(-4) + 4). List the prime factors of a(t).
2, 7
Let x be 6/((-4)/(6/(-3))). Let y be 4 + -1 + (x - 3). Suppose 2*r = -w - 2*r + 20, y*w - 33 = -3*r. What are the prime factors of w?
2
What are the prime factors of 2767 + (-4)/12*42/2?
2, 3, 5, 23
Suppose 26 = v + 4. List the prime factors of v.
2, 11
Suppose -2*y - 2 = -2*z + y, z + 4 = 4*y. Suppose z*f - 3*f + 2 = 0. Let x(q) = -q**3 + 2*q + 1. What are the prime factors of x(f)?
5
Let p = 16 + -14. Suppose p*l - 4 = -0. List the prime factors of 16/l*22/11.
2
Let u(i) = -4*i + 15. Suppose 3*l - 21 = 2*v, 0*v + 3*v + l = -15. List the prime factors of u(v).
3, 13
Let a(c) = -4*c. Let y be a(-1). Suppose 2*t + 35 = 2*b - 3*t, 0 = 4*b + y*t - 84. Let l = 37 - b. List the prime factors of l.
17
Suppose -5*i = -4*p - 41 - 60, -3*p - 3*i = 96. Let f = 92 + p. What are the prime factors of (7 - 6)/(3/f)?
3, 7
Let m(v) = 10*v + 4. Let u be m(2). Suppose -3*i + u + 171 = 0. What are the prime factors of i?
5, 13
Suppose 4*j + 47 = m, 9*j - 4*j + 25 = 0. Let g be m + -1 - (9 + -10). Suppose -2*x = -27 - g. List the prime factors of x.
3
Suppose 0 = -2*c - p + 1132, -6*p + 3*p + 561 = c. What are the prime factors of c?
3, 7
Suppose 0 = -2*x - 14 - 8. Let r = 16 + x. Suppose r*f = 4*b + 38, 4*b + 18 + 10 = 4*f. List the prime factors of f.
2, 5
Let q(f) be the second derivative of 68*f**3/3 + 9*f. Let w be q(1). Suppose 0 = 5*h + 4*l - 171, 2*h = -2*h - 3*l + w. List the prime factors of h.
31
Suppose -4*w + 8*w - 404 = 0. Suppose -3*y - 2*q = -w - 94, 5*q - 325 = -5*y. Suppose -4*f - u + 196 = 0, 2*f - y = -4*u + 47. What are the prime factors of f?
2, 3
Suppose -b = -6*b + 15. Suppose -b*h + 2*d + 95 = 0, -5*d + 15 = -2*d. What are the prime factors of h?
5, 7
Suppose 2*a - 525 = -j, 5*a + 0*j - 3*j = 1318. Let c = a + -171. List the prime factors of c.
2, 23
Suppose -6*f = -4*f + s - 5228, -2*f - 5*s + 5212 = 0. What are the prime factors of f?
2, 3, 109
Let u be (108/10)/(((-27)/(-30))/3). Let r(w) = 12*w - 1. Let h be r(5). Suppose -5*s = -h - u. List the prime factors of s.
19
Suppose 5*w + 952 = 9*w. Suppose w = 2*q + 2*r, 3*q - r - 217 - 148 = 0. List the prime factors of q.
11
Let v = -54 + 241. What are the prime factors of v?
11, 17
Suppose -2*a = -4*y + 2234, 0 = -13*y + 18*y - 4*a - 2788. List the prime factors of y.
2, 5, 7
Suppose 3*r = r + 4*a + 16, -3*r = 2*a - 8. Let n be -2*18/r*1. Let k = -4 - n. List the prime factors of k.
5
Let x be (-56)/(-3) - 12/18. Suppose -4*c - 11 + 34 = s, 0 = s - c - x. Let i = 21 - s. List the prime factors of i.
2
Let c be 0*(-1 - 1)/4. Let g(u) = 71*u**2 - 4*u + 3. Let m be g(1). Suppose -2*w - 3*r - r + 56 = c, 4*r = 5*w - m. What are the prime factors of w?
2, 3
Let j = 41 + -19. Suppose 0 = -2*w + 3*w - 2. Suppose 0*o = -w*o + j. What are the prime factors of o?
11
Let q(l) = -l**3 - 2*l**2 - l. Let h be q(-5). Suppose 5*p + 0*p = 120. Suppose 4*d + p = h. List the prime factors of d.
2, 7
Suppose 0 = 14*v - 2370 - 1228. What are the prime factors of v?
257
List the prime factors of 12/(-20)*(-10*5 + 5).
3
Let k = 1298 - -215. List the prime factors of k.
17, 89
Suppose h + 1 = 5*m - 3*m, 4*h = 5*m + 5. Let q = h + -11. Let v = q - -14. List the prime factors of v.
2
Suppose 4*g = 7*g + 18. Let j(n) = -30*n - 1. Let h be j(g). Suppose 7*q = 17 + h. List the prime factors of q.
2, 7
Suppose 0 = -81*k + 15946 + 110738. What are the prime factors of k?
2, 17, 23
Suppose 3*m - r - 244 - 97 = 0, 0 = 5*r - 5. Suppose 0 = -5*z + 504 - m. Suppose l - 39 = k, -k = 2*l - 0*k - z. List the prime factors of l.
3, 13
Let w(x) = 40*x - 98. What are the prime factors of w(28)?
2, 7, 73
Let c(k) = 39*k**2 + 14*k - 5. List the prime factors of c(6).
1483
Suppose 0 = 2*i - 3*o - 7049, 8136 = 3*i - o - 2441. What are the prime factors of i?
2, 41, 43
Suppose -2767 = -100*g + 3333. List the prime factors of g.
61
Let l(r) be the first derivative of 5*r**2 - 4*r + 1. Suppose -4*k = -5*a - 36, 4*k + 5*a + 32 = 7*k. List the prime factors of l(k).
2, 3
Suppose -4*o + o - g - 12 = 0, 4*o = 2*g - 16. Let n = o - -4. Let l(j) = j**3 - j**2 + j + 67. What are the prime factors of l(n)?
67
Let j = 877 - -980. List the prime factors of j.
3, 619
Suppose -5*k + 24 = 9. Suppose 0*y + k*y = -2*p + 9, -y + 3 = 3*p. List the prime factors of y.
3
Let f be -82*(4 + 15/(-6)). Let t = f - -156. What are the prime factors of t?
3, 11
What are the prime factors of (600/(-250))/(2*(-1)/25)?
2, 3, 5
Let m(l) = -l**3 - 15*l**2 - 29*l - 15. List the prime factors of m(-13).
2, 3
Let c(s) = -31*s - 234. List the prime factors of c(-15).
3, 7, 11
Suppose -13*x + 24072 - 3233 = 0. List the prime factors of x.
7, 229
Suppose 4*o - 8 + 4 = 0. Let n be -3*458/(-6)*o. Suppose n = 4*v - 3*q, 10*v - 290 = 5*v + 3*q. List the prime factors of v.
61
Let m(p) = -p**3 - 3*p**2 + 57*p - 9. List the prime factors of m(-10).
11
Let k(m) = 3*m**3 - 5*m**2 + 15. Let a be k(3). Let f = -39 + 24. Let x = f + a. List the prime factors of x.
2, 3
Let y(z) = 3*z**3 - 3*z**2 + 20*z + 4. Let b be y(7). Suppose m + 5*m = b. What are the prime factors of m?
3, 19
Suppose -796 = -j + 4*w + 2300, -3*w + 6137 = 2*j. List the prime factors of j.
2, 769
Let q(l) = 4*l**2 + l - 31. List the prime factors of q(-14).
739
Let i be -1 - -3 - (-2 - -2). Suppose 10*y - 5*y + 246 = v, 3*y + i*v + 158 = 0. Let k = -19 - y. List the prime factors of k.
31
Let m(y) = 28*y + 5. Let s(o) = 28*o + 6. Let w(v) = -3*m(v) + 2*s(v). List the prime factors of w(-3).
3
Suppose -7*j + 14154 = -70. List the prime factors of j.
2, 127
Let u be -10 - ((-7)/21)/(2/6). Let d(h) = -8*h - 20. What are the prime factors of d(u)?
2, 13
Let y(k) = k - 10. Let m be y(13). Let t be 4 - m - (-15 - -4). What are the prime factors of (-10)/(-3) - t/(-18)?
2
Suppose 1032 = 6*m + 222. Let d = -27 + m. What are the prime factors of d?
2, 3
Let t be (-6)/16*(-40)/5. Suppose -2*k = t*k - 10, 0 = 2*h + 4*k - 104. What are the prime factors of h?
2, 3
Suppose 5*o + d - 39 = 2, 5*d + 2 = -2*o. Suppose 2*p = -5*r + 429, 4*p - p = -o. What are the prime factors of r?
3, 29
Let r(x) = x - 4. Let j be r(4). Let m = 3 - j. Suppose -5*f + 114 = -2*h, -3*f + m*h = -0*h - 63. List t